 of n?
2, 7
Suppose -5*d = 25*q - 24*q - 13557, 13548 = 5*d + 4*q. What are the prime factors of d?
2, 3, 113
Let i(q) = 2*q**3 - 2*q**2. Let y be i(2). What are the prime factors of (-27)/36 - (-694)/y?
2, 43
Let x be (-1 - -1)/((-8)/4). Suppose x = -h - 0*h. What are the prime factors of (-50 + h)*(-2)/4?
5
Let g(v) = 2. Let n(x) = 1 - 4 + x - 2. Let u(r) = -5*g(r) - 3*n(r). List the prime factors of u(-4).
17
Suppose p + p - 50 = 0. Suppose 11*i + p = 12*i. Let x = i - -3. List the prime factors of x.
2, 7
Let b = 16 + -12. What are the prime factors of 0 - -1*(b + 56)?
2, 3, 5
Let m be (3 - 5)/(2 + -3). Let f(o) = 4*o - 5 - 3 + m. What are the prime factors of f(5)?
2, 7
Let s(d) = -d**2 - 7*d + 1. Let g be s(-7). Let h be (g/2 + 2)*-4. Let o(f) = -f - 5. List the prime factors of o(h).
5
Let g(h) = -h. Let q(y) = -3*y. Let x(w) = -2*g(w) + q(w). Let t be x(3). What are the prime factors of t*((-116)/12 - 2)?
5, 7
Suppose -72 = -b - 17. Let q = 91 - b. List the prime factors of q.
2, 3
Let q = 2411 + -1061. What are the prime factors of q/125 - 1/(-5)?
11
Suppose -5*a + 3*l + 9 = -111, -4*l = 0. List the prime factors of a.
2, 3
Let s be (-1)/(957/(-318) + 3). Let u = s - 56. Suppose -4*y + 120 = 4*k, 0*y + u = k + 5*y. What are the prime factors of k?
5
Let c be 4/12 - 312/(-9). What are the prime factors of (c - 3) + (-6)/2?
29
Let i be 120/(-9)*(-27)/6. Let k = 107 - i. What are the prime factors of k?
47
Suppose 0 = 2*k - 114 - 64. Suppose 3*r - 51 = -2*y + 4, 5*r + 4*y - k = 0. What are the prime factors of r?
3, 7
Suppose 5*l - l - 627 = -5*d, -l + 372 = 3*d. Suppose -55*j = -54*j - d. List the prime factors of j.
3, 41
List the prime factors of (-31)/(-3)*(-18 - (-80 - 16)).
2, 13, 31
What are the prime factors of 666 - 7 - (2 - (-2 + 7))?
2, 331
Suppose 2*o - 35 - 159 = -2*b, -2*o + 191 = 3*b. Suppose -6 = 2*k - o. List the prime factors of k.
47
Suppose 0*h - 3*h = -4*s + 51, -2*s + 29 = -5*h. Suppose -m = -s - 0. What are the prime factors of m?
2, 3
Let z be (8/10)/((-4)/(-10)). Suppose 0 = z*o - 290 + 116. List the prime factors of o.
3, 29
Suppose -13248 - 5012 = -22*x. List the prime factors of x.
2, 5, 83
Suppose 7*g = -4*v + 5*g + 8040, 0 = 4*v + 3*g - 8040. What are the prime factors of v?
2, 3, 5, 67
Let q(t) = 38*t + 50. Let o(v) = 13*v + 17. Let i(m) = 11*o(m) - 4*q(m). List the prime factors of i(-7).
2, 5
Suppose 3870 = 4*w + 6*w. What are the prime factors of w?
3, 43
Let u = -35 - -57. Let z be u/(46/22 - 2). List the prime factors of 4/(-10) - z/(-55).
2
Suppose -3*y + 4*y - 39 = -2*r, -5*y + 5*r + 210 = 0. List the prime factors of y.
41
Let p(q) = -9*q + 2784. What are the prime factors of p(0)?
2, 3, 29
List the prime factors of 10*(-39)/65 + 6212/2.
2, 5, 31
Let f(v) be the first derivative of 5*v**3/3 - 4*v**2 - 12*v - 25. What are the prime factors of f(-5)?
3, 17
Let t(g) = 51*g**2 + 14*g + 34. List the prime factors of t(-5).
3, 7, 59
Let m be 6*(5/(-10))/(-1). Suppose 0 = m*s + 2*s - 410. List the prime factors of s.
2, 41
Suppose 0 = 4*l + 3*q - 262, 0 = 5*l + 6*q - q - 325. Let v(b) = 3*b - 3. Let f be v(2). Suppose -f = 4*z - l. What are the prime factors of z?
2
Suppose z + 40 = 5*k, -4*k + 5*z + 11 = -0*z. Let t be k/(1 + 2) - -2. Suppose t*d + 57 = 5*a + 17, d = -a + 6. What are the prime factors of a?
7
Let o(v) = v**2 - 3*v - 19. What are the prime factors of o(26)?
3, 193
Suppose 9*p - 1478 = 3013. What are the prime factors of p?
499
Suppose -5*r - 10 + 1 = -2*q, 3*r = -5*q + 7. Let t be 824/(-16)*(-4)/q. Suppose 5*b - t - 102 = 0. List the prime factors of b.
41
Let m be (3/(-3) + 6)*2. Suppose -2 = 3*l + m. Let b = 6 - l. List the prime factors of b.
2, 5
Let t = 19 - 17. Suppose 57 = 4*g + 3*k + 18, 3*k = -t*g + 21. Let r(c) = -c**2 + 11*c - 2. What are the prime factors of r(g)?
2
Suppose 2*z - n - 28 = 0, n - 1 = 1. Suppose -3*r + z = -0. Suppose -25 + r = -5*c. List the prime factors of c.
2
List the prime factors of (-380)/50 - -7 - 368/(-5).
73
Suppose -10*q + 2905 = -1175. List the prime factors of q.
2, 3, 17
List the prime factors of (27 + -53)*(1 - (-2 + 5)).
2, 13
Suppose -73 = -b + 4*j, -3*j = -5*j - 2. What are the prime factors of b?
3, 23
Suppose -14*u + 11577 + 5615 = 0. List the prime factors of u.
2, 307
Let w(u) = -10*u - 7. Let o be w(-6). Suppose -4*d - o = -c - 0*d, 0 = -3*c - 5*d + 159. List the prime factors of c.
53
Suppose -28*t = -30*t + 8. Suppose c = t*h + 5, -3*c + 25 = -4*h + 2*h. List the prime factors of c.
3
Suppose 0 = 4*i - 8*i + 72. Suppose -5*v + i = -42. What are the prime factors of v?
2, 3
Let f(b) = -3*b**3 - 18*b**2 - 32*b - 13. Let o(x) = 7*x**3 + 37*x**2 + 63*x + 27. Let z(a) = 5*f(a) + 2*o(a). What are the prime factors of z(-14)?
73
Let n = 282 + -95. List the prime factors of n.
11, 17
Let u = 1271 + -389. List the prime factors of u.
2, 3, 7
Let o(k) = k - 7. Let u be o(14). List the prime factors of 66 + -1 - u/(-7).
2, 3, 11
Let q = -314 + 592. Let x = 437 - q. What are the prime factors of x?
3, 53
Let z(o) = -o**3 - 2*o**2 - 4. Let q be z(-3). Let a be (q + -3)/(2/(-3)). Let k = a + 8. List the prime factors of k.
5
Let h(m) = -m**2 + 5*m + 3. Let o(z) be the third derivative of -z**4/6 - 3*z**2. Let s be o(-1). List the prime factors of h(s).
7
Suppose -10940 = -23*z - 3971. What are the prime factors of z?
3, 101
Let b(k) = 5*k**2 - 18*k - 7. What are the prime factors of b(-6)?
281
Let d = 6 - 4. Suppose 4*b - 3*b + d*f = 14, b - 18 = -4*f. Suppose -3*a + b = -2*a. What are the prime factors of a?
2, 5
Let w(p) = -4*p + 5. Let n be w(-2). Let c(b) = b**2 - 8*b - 24. List the prime factors of c(n).
41
Let u(r) be the third derivative of r**4/3 - 19*r**3/3 - 21*r**2. List the prime factors of u(13).
2, 3, 11
Let o = 36 + -29. Suppose -o*g = -2*g - 490. What are the prime factors of g?
2, 7
Suppose 0 = -u + 3, 3*q + 3*u + 261 = 4*q. List the prime factors of q.
2, 3, 5
Suppose 0 = 4*s - 9*x + 5*x - 24, 5*x + 26 = s. List the prime factors of s - (-37 + (-6)/3).
2, 5
List the prime factors of (-78954)/(-30) - 12/(-10).
2633
Suppose 4*s = -0*g + 5*g + 17, -14 = -s - 2*g. Suppose -20 = -2*v + 2*b, 3*v = s*v + 2*b - 15. List the prime factors of v.
5
Let k(g) = 41*g. Let i be k(1). Suppose 0 = -4*s - 4*n + 175 + i, 5*s = n + 258. Suppose -2*p + s = -12. List the prime factors of p.
2
Let q(t) = -t**3 + 12*t**2 + 12*t - 9. Let f be q(13). Let j = 35 + f. List the prime factors of j.
13
Let u = 7445 + -4723. What are the prime factors of u?
2, 1361
Suppose 2293*p = 2289*p + 852. What are the prime factors of p?
3, 71
Let y(z) = 218*z - 2. List the prime factors of y(3).
2, 163
Let d = -52 - -420. List the prime factors of d.
2, 23
Suppose -26*d = -18263 - 6333. List the prime factors of d.
2, 11, 43
Suppose -5*v + 59*s = 56*s - 15723, 3*s + 3 = 0. List the prime factors of v.
2, 3, 131
Let w(t) be the third derivative of 0 + 0*t**3 - 5*t**2 + 0*t - 7/6*t**4. What are the prime factors of w(-1)?
2, 7
Suppose -6*l - 12 = -2*l. What are the prime factors of l + 4 + (-4 - -17)?
2, 7
Suppose 0 = 5*y + 3*h + 9, -4*h - 3 = 4*y - 3*h. Let a = 0 - y. Suppose a*q - 15 = -q. What are the prime factors of q?
3, 5
Let p = -21 - -25. Suppose 2*q - 25 = -3*d + 223, -p*d + 324 = -4*q. What are the prime factors of d?
2, 41
Let r(w) = -w**2 + 24*w + 13. Let y be (4 + 1 - 4) + 11. What are the prime factors of r(y)?
157
Suppose -9*i + 27191 = -17449. List the prime factors of i.
2, 5, 31
Suppose -4*l - 2*f = l - 1925, 0 = -4*l - f + 1540. Let d = l - 168. What are the prime factors of d?
7, 31
Suppose 0 = 3*a + 2*y - 6066, 1 + 8 = -3*y. List the prime factors of a.
2, 11, 23
Suppose -9*w + 8*w + 4913 = 4*g, w + 4911 = 4*g. List the prime factors of g.
2, 307
Let u be (-1330)/(-3) + (-2)/3*-1. Suppose 5*q = q + u. What are the prime factors of q?
3, 37
Suppose -1 + 13 = -4*m. Let f be 2*m - (9 + -12). List the prime factors of 5/(3 - (-6)/f).
5
Let t(a) = 51*a - 28. List the prime factors of t(8).
2, 5, 19
Let l(f) = 101*f**2 + 2*f - 6. List the prime factors of l(-2).
2, 197
Let d(i) = -i**2 - 7*i - 4. Let h be d(-5). Let p = 575 + -135. What are the prime factors of h/(-27) + p/36?
2, 3
Suppose 0*o - 2*o = -6. Suppose o*j - 3*v - 24 = -6*v, 3*v = 5*j. What are